q = n + a. What is the greatest common factor of q and 2?
2
Let f(m) = -m**2 + 11*m - 2. Let o be f(3). Let u be (-662)/(-6) + ((-30)/(-9))/(-10). What is the highest common factor of o and u?
22
Let p be 3 + -2 + -3 + -5 - -513. What is the highest common factor of 22 and p?
22
Suppose 324 = 4656*h - 4640*h - 172. What is the greatest common factor of 9734 and h?
31
Suppose -4*x = x - 960. Let m(h) = -486*h - 12147. Let a be m(-25). Calculate the greatest common factor of x and a.
3
Suppose -32 = 3*p - 7*p. Let q(y) = 5*y**2 + 5*y - 15. Let d be q(p). What is the highest common factor of 15 and d?
15
Let z be -5 - ((-10 - -5) + -169). Let k = z + -129. What is the highest common factor of k and 5?
5
Suppose 0 = 2*v + 14*h - 830, -1335 = -3*v + 12*h - 15*h. Calculate the greatest common divisor of 288 and v.
18
Let g be 1 + (10 + 1)*(29 - -39). Let v = g + -727. What is the greatest common factor of 814 and v?
22
Let o = -14747 + 15315. What is the greatest common divisor of 2201 and o?
71
Let c be (-7)/(-42) - 1665/(-54). Calculate the highest common divisor of 5177 and c.
31
Let u be 114520/1470 + (-2)/(-21). What is the greatest common factor of 1066 and u?
26
Let p = 35 + -35. Suppose i + 5*n = p, i - n = 3*n. Suppose 2*b = -4*z + 28, -3*b + i*b - 5*z = -37. Calculate the highest common factor of b and 1.
1
Suppose 3*p + v = 8, 4*v = -2*p + v + 3. Let n(r) = 22*r - 4*r**2 - 4 - 17*r - 12*r - r**p. Let t be n(-3). What is the greatest common divisor of 16 and t?
8
Let h = -169 + 190. Suppose -h = -3*p + 3. What is the highest common divisor of p and 328?
8
Suppose -76*v = -81*v + 230. Let u be 48/8*1/(-2)*-1. Suppose -1932 = -3*j - u*j. What is the highest common divisor of j and v?
46
Suppose 592 = -191*x + 195*x. Let a be (-2)/(((-4)/28)/(4/14)). What is the highest common divisor of a and x?
4
Let c be (-3)/(-9) - 22/3. Let z(u) = -22 - 8 + 369*u - 197*u - 182*u. Let s be z(c). Calculate the highest common factor of 320 and s.
40
Suppose b = -a + 4339 - 4240, -3*a = b - 299. What is the greatest common divisor of a and 256?
4
Suppose 1654 = -21*n + 7128 + 1435. Calculate the greatest common divisor of 63 and n.
7
Suppose -36*q - 11*q = -329. Let h = -687 + 1408. What is the highest common factor of q and h?
7
Let a = -7 + -14. Let n = -33 - a. Let u be n/(-5) + (-14)/35. Calculate the greatest common factor of 4 and u.
2
Let k = -10205 - -10358. What is the highest common divisor of k and 3774?
51
Let b(v) = 92*v**2 - 333*v - 47. Let g be b(5). What is the highest common divisor of g and 2499?
147
Suppose -504*t + 19082 = -497*t. What is the greatest common factor of 29 and t?
29
Let i be (-4 + 7 - 4) + -5. Let b be i/10 + (-21376)/(-160). Calculate the greatest common factor of 14 and b.
7
Suppose 185*x = 162258 + 522057. Calculate the greatest common divisor of x and 274.
137
Suppose -5*r + 4*r + 4 = 0, 2*q + 3*r = 20. Suppose -5*u - 703 = -q*g, 4*u - 148 = -g + 54. Calculate the greatest common factor of 14 and g.
14
Let s be (1602/(-15))/(15/75*-2). What is the greatest common factor of 3 and s?
3
Let s(x) = 7*x**3 + 18*x**2 - 41*x + 232. Let t be s(6). What is the greatest common factor of 148 and t?
74
Suppose 0 = -3*w + 5*w - 2*u - 412, 5*u = w - 222. What is the greatest common divisor of 1616 and w?
202
Suppose -5*q = p + 5, 0 = 3*p + q + 2*q - 9. Suppose o = -3*s + 219, 0 = -s + p*o + 5 + 52. Calculate the greatest common factor of s and 648.
72
Let j = 24727 + -24631. Suppose 0 = p + p + 90. Let s be (-2)/(-10) + (-1071)/p. Calculate the highest common factor of j and s.
24
Suppose 628 = -11*m + 1882. Suppose -119*l + m*l + 165 = 0. Calculate the highest common factor of 561 and l.
33
Let v = 1631 - 947. Suppose 11*p - v = -8*p. What is the greatest common factor of p and 300?
12
Let b = 7275 - 7272. Calculate the highest common factor of 1107 and b.
3
Let o be (16/12)/(4/42). Suppose 38 = 2*h + 22. Let v be (-2 - h/(-3)) + (-1736)/(-42). Calculate the greatest common divisor of o and v.
14
Let q be 2*-2*9/6. Let h = q + 10. Suppose 4*c - i = 130, 2*i - 33 - 59 = -3*c. What is the greatest common factor of c and h?
4
Suppose -118*x + 229 = -1423. What is the highest common factor of 4354 and x?
14
Let a(v) = -v**3 + 12*v**2 + v - 118. Let k be a(7). What is the greatest common factor of k and 26666?
134
Let p = 2 - -29. Let w = 3 + -11. Let z be 1110/9 - w/12. What is the greatest common divisor of z and p?
31
Suppose 87*i = -269*i + 250649 + 144867. Calculate the greatest common factor of i and 707.
101
Let q(c) = -26*c + 6. Let m be q(-5). Let s be ((-10637)/44)/((-5)/(-60)*-3). Let o = -959 + s. What is the greatest common factor of o and m?
8
Let l be -1 + 119 + (-23)/(161/42). Suppose 3*t - 56 = 28. What is the highest common divisor of l and t?
28
Let x be -2 - 9*(-4)/6. Suppose o - 95 = x*g, 2*g - 187 = -2*o + 7*g. What is the highest common factor of o and 14?
7
Suppose 0 = -5*z - 5*y + 5, -5*z + z + 1 = 5*y. Suppose -z*n - 1691 = -5723. What is the highest common divisor of n and 63?
63
Suppose -3*p = -27*a + 31*a - 6110, -5*p - 4*a = -10170. Calculate the greatest common divisor of 3190 and p.
290
Suppose 11*l - g - 107 = 6*l, -4*g = -l + 29. Let x be 3594/l + 4/(-28). Let y(c) = 20*c**2 - 1. Let k be y(1). What is the greatest common divisor of x and k?
19
Let f(c) = c - 14. Let k be f(4). Let q be (-1118)/k - 1/(-5). Suppose -4*a - 19 - 3 = -3*d, -3*a + 29 = d. What is the highest common factor of q and d?
14
Suppose -5*p - 2224 = 11*p. Let h = p - -145. Calculate the highest common factor of h and 33.
3
Let r be (-134)/(-8) - (-1)/4. Let i be -6 + 12 - 6 - -37. Suppose i = 9*t - 116. What is the greatest common factor of t and r?
17
Suppose 0 = -67*g + 132*g - 277457 - 84723. What is the greatest common factor of g and 597?
199
Suppose -7*a - 3*b = -3*a - 225, -168 = -3*a - 3*b. Let i(h) = 12*h + 4. Let d be i(-3). Let s = d + 70. Calculate the greatest common divisor of a and s.
19
Let h be 53 - (-2 - (0 - 3)). Suppose 5*a = h + 8. Let t = 502 - 406. What is the highest common divisor of t and a?
12
Suppose 4*v = -3*f + 2133, 1605 = -293*v + 296*v + 4*f. What is the greatest common factor of v and 9?
9
Let s(q) = 11*q - 64. Let y(o) = 21*o - 127. Let z(j) = -9*s(j) + 4*y(j). Let a be z(4). Calculate the greatest common divisor of a and 20.
4
Let z = 350 - 10. Suppose -18*v = -14*v + z. Let i = 113 + v. What is the greatest common divisor of 70 and i?
14
Let f(z) = -256*z - 2181. Let h be f(-15). What is the highest common factor of 84 and h?
21
Let x = -296 - -301. Suppose 3*z + 5*d - 30 = 13, -x*z + 83 = -3*d. Calculate the greatest common divisor of z and 8.
8
Suppose -2*y - 4*y = 600. Let v = 99 + y. Let n be (12*10)/3 + 0/v. Calculate the greatest common factor of 20 and n.
20
Suppose -y - 5*f - 5 = -52, 56 = y - 4*f. Suppose y*a = 51*a + 140. What is the highest common divisor of 210 and a?
70
Let d be ((-5864)/(-10))/(1/(-10)*-2). Calculate the highest common divisor of d and 4.
4
Suppose -4*a = -4*b + 371 + 73, -528 = -5*b - 4*a. Calculate the greatest common divisor of b and 138.
6
Let k be 0 + 41 + -19 + 11. Calculate the highest common factor of k and 902.
11
Suppose -65*n - 34*n = -1584. What is the greatest common divisor of 140 and n?
4
Let j = -359 - -370. Suppose 8*m - 2*o + 149 = j*m, o + 195 = 4*m. What is the greatest common divisor of m and 637?
49
Suppose 91*x = 2*g + 93*x - 172, 3*x + 309 = 4*g. What is the highest common factor of 27 and g?
27
Let u be (-16)/(-7) + 1/((-14)/4). Let q be (-3)/((-126)/(-2508)) + u/(-7). Let g = 140 + q. Calculate the highest common factor of 200 and g.
40
Let d(c) = 27*c - 893. Let p be d(35). Calculate the greatest common factor of 136 and p.
4
Let q = -624 - -629. Suppose q*n + 10*n = 1140. Calculate the highest common factor of 190 and n.
38
Let c(p) = -p**2 + 15*p + 242. Let a be c(17). Calculate the greatest common divisor of 40 and a.
8
Let k be 14/((-153)/(-297) + (-2)/6). Suppose 0*a + 5*p + 166 = -2*a, -3*p = 3*a + 231. Let y = a + k. What is the greatest common divisor of 20 and y?
4
Let q be (99/(-11) + -9)*2/6. Let k(j) = 9*j + 60. Let f be k(q). Calculate the highest common factor of f and 18.
6
Let w = -6857 + 7486. Calculate the highest com